et z(s) = -s**3 - 7*s**2 + s + 6. Give z(-7).
-1
Let b(c) = c**2 - 2*c - 16. What is b(8)?
32
Let z(l) = 7*l - 8. Determine z(7).
41
Let f(d) = -d**3 + 4*d**2 - d - 4. Determine f(3).
2
Let c(w) = -w**2 + 2*w - 1. Give c(1).
0
Let i(g) = -g**2 - 2*g + 24. Give i(-6).
0
Let x(d) = 20*d**2 - d + 6. Give x(3).
183
Let z(b) = -19*b + 18. Determine z(-1).
37
Let j(o) = 17*o - 1. Calculate j(-1).
-18
Let g(y) = 2*y**2 + 36*y + 59. Give g(-16).
-5
Let z(g) = g**3 + g**2 + 3*g - 27. Calculate z(0).
-27
Let j(d) = -3*d**2 - 8*d - 14. What is j(-2)?
-10
Let r(k) = 3*k - 24. Determine r(11).
9
Let o(m) = m**3 + 12*m**2 + 9*m + 15. What is o(-11)?
37
Let d(v) = v**2 - 13*v + 6. Calculate d(12).
-6
Let o(q) = q**3 - 13*q**2 + 22*q + 3. Calculate o(11).
3
Let t(b) = -7*b**3 - 3*b + 2. Give t(-2).
64
Let g(u) = -3*u - 34. What is g(-19)?
23
Let v(o) = 48*o**2 + 3*o + 3. Give v(-1).
48
Let g(r) = -r**2 + 4*r + 3. Determine g(7).
-18
Let g(a) = a**3 - 3*a**2 - 8*a + 54. Calculate g(4).
38
Let v(j) = -7*j + 182. Give v(25).
7
Let z(n) = n**2 - 11*n - 21. Calculate z(8).
-45
Let l(d) = -28*d - 96. Calculate l(-4).
16
Let l(a) = -3*a**2 + 15*a - 23. Give l(3).
-5
Let r(f) = -f**3 + 7*f**2 + 19*f + 2. Determine r(9).
11
Let j(m) = 3*m**2 + 15*m - 2. Determine j(6).
196
Let o(i) = -9*i + 17. Calculate o(6).
-37
Let m(o) = o**3 + 6*o**2 - 6*o + 17. What is m(-7)?
10
Let u(y) = 6*y**2 + 10*y + 16. Determine u(-7).
240
Let y(l) = -l**3 - l - 67. What is y(0)?
-67
Let z(c) = -6*c - 220. What is z(-36)?
-4
Let o(f) = -f**2 + 5*f + 96. Determine o(13).
-8
Let g(k) = -k**3 - k**2 + k. Give g(2).
-10
Let x(p) = p**2 + 2*p + 8. Calculate x(0).
8
Let w(f) = -2*f + 7. Determine w(7).
-7
Let o(m) = 2*m - 31. What is o(18)?
5
Let n(q) = -q**2 - 7*q + 149. Determine n(9).
5
Let i(m) = -m**3 + 39*m**2 - 41*m + 119. What is i(38)?
5
Let b(l) = l**2 - 8*l + 12. Calculate b(7).
5
Let x(b) = -3*b**2 + 5*b + 15. Calculate x(-5).
-85
Let b(d) = d**3 + 9*d**2 - 10*d - 8. Give b(-10).
-8
Let a(b) = -12*b - 714. Give a(-59).
-6
Let f(r) = r**2 - 17*r + 22. Give f(16).
6
Let j(d) = d**2 + 5*d - 5. Determine j(-10).
45
Let x(p) = -p**2 + p - 29. Give x(0).
-29
Let k(x) = -13*x + 27. Give k(4).
-25
Let r(d) = 2*d - 22. Give r(7).
-8
Let y(s) = -s**3 - 17*s**2 + 5*s + 77. Calculate y(-17).
-8
Let k(v) = v - 2. What is k(-2)?
-4
Let q(d) = 3*d - 12. What is q(7)?
9
Let i(b) = 9*b - 17. Determine i(4).
19
Let i(a) = -a**3 - 7*a**2 - 4*a + 13. Determine i(-6).
1
Let w(u) = -u**3 + 15*u**2 - 1. Determine w(15).
-1
Let u(o) = 2*o**3 - 4*o**2 - 4*o + 1. Calculate u(3).
7
Let r(b) = b**3 - 5*b**2 + 6*b + 5. Calculate r(4).
13
Let y(u) = 8*u + 7. Determine y(7).
63
Let l(a) = 2*a**2 - 26*a + 160. Determine l(5).
80
Let f(i) = i**3 - 2*i**2 - i - 4. What is f(3)?
2
Let s(p) = -2*p**3 - 27*p**2 + 16*p + 24. Give s(-14).
-4
Let v(j) = -j**3 - 9*j**2 - 4*j + 22. Give v(-8).
-10
Let v(j) = -7*j + 76. What is v(10)?
6
Let x(j) = -2*j + 23. Determine x(7).
9
Let g(v) = -4*v**3 - 2*v**2 + 4*v + 14. Give g(0).
14
Let f(y) = 77*y + 83. Determine f(-1).
6
Let t(g) = g**3 - 11*g**2 + 2*g - 26. Calculate t(11).
-4
Let z(o) = -8*o + 11. What is z(6)?
-37
Let f(b) = b**2 - 8. Calculate f(0).
-8
Let b(i) = 6*i + 21. Determine b(-5).
-9
Let i(q) = -q - 18. Give i(-9).
-9
Let c(u) = 86*u - 592. Determine c(7).
10
Let w(k) = k**3 + 13*k**2 + 11*k - 12. Determine w(-12).
0
Let w(g) = g**2 + 26*g - 52. Determine w(-28).
4
Let h(x) = 2*x + 24. Give h(-13).
-2
Let b(q) = q**3 + 2*q**2 - 5*q - 5. What is b(-3)?
1
Let q(c) = -4*c + 28. Determine q(6).
4
Let h(s) = -s**3 + 11*s**2 + 9*s + 8. Determine h(12).
-28
Let t(s) = -s**2 + s + 4. Give t(-4).
-16
Let t(z) = -z**3 + 4*z**2 + 1. Determine t(4).
1
Let z(g) = -2*g + 76. Calculate z(29).
18
Let r(m) = -6*m + 48. Determine r(7).
6
Let s(m) = 16*m - 9. Determine s(8).
119
Let b(t) = t**2 + 45*t - 306. Give b(-51).
0
Let t(k) = k**2 + 10*k - 5. What is t(-10)?
-5
Let b(a) = a**2 - 8*a - 27. Give b(11).
6
Let c(s) = 9*s + 11. Determine c(-1).
2
Let m(s) = s**3 + 3*s**2 - 10*s - 9. Calculate m(-4).
15
Let u(l) = -5*l + 10. Give u(5).
-15
Let k(g) = 3*g**3 + 46*g**2 + 15*g + 2. What is k(-15)?
2
Let n(c) = 2*c - 32. What is n(17)?
2
Let q(l) = 4*l**2 + 62*l + 19. Give q(-16).
51
Let z(f) = f**3 - 14*f**2 - 15*f + 11. What is z(15)?
11
Let l(k) = k**3 - 13*k**2 - 24*k - 89. Determine l(15).
1
Let q(o) = -4*o - 226. Determine q(-37).
-78
Let k(f) = f**3 + 5*f**2 - 4*f + 13. Give k(-6).
1
Let t(v) = -3*v**3 - v**2 + 6*v - 4. Calculate t(-3).
50
Let o(l) = 3*l**3 + 2*l + 1. Calculate o(-1).
-4
Let l(g) = -g**2 - 13*g - 26. Determine l(-11).
-4
Let c(w) = -2*w - 5. Calculate c(6).
-17
Let c(m) = 3*m**2 + m + 1. Determine c(-2).
11
Let t(o) = o**3 + 4*o**2 - 2*o + 18. Determine t(-5).
3
Let b(s) = s**3 + 2*s**2 - 9*s - 2. What is b(-4)?
2
Let w(a) = a**3 + 9*a**2 + 10*a + 4. Determine w(-8).
-12
Let r(o) = o - 29. Give r(16).
-13
Let w(l) = -20*l - 8. Calculate w(-1).
12
Let i(b) = -12*b + 13. Calculate i(1).
1
Let m(d) = d**3 + 33*d**2 + 5*d + 40. What is m(-33)?
-125
Let n(d) = 8*d - 76. Calculate n(12).
20
Let a(s) = 9*s - 264. Calculate a(29).
-3
Let x(u) = -3*u**2 - 4*u - 3. Determine x(-5).
-58
Let s(i) = 10*i + 3. Determine s(-1).
-7
Let s(p) = 8*p**3 - p**2 + 2*p - 1. Give s(1).
8
Let a(y) = -20*y + 17. Calculate a(9).
-163
Let r(a) = 6*a**3 - 2*a**2 - a + 2. Give r(-1).
-5
Let r(a) = -a**2 - 7*a - 16. Calculate r(-3).
-4
Let b(p) = -p**3 - p**2 + 2*p - 1. Determine b(0).
-1
Let r(h) = -h**2 - 5*h - 2. Give r(-3).
4
Let r(t) = -t**3 - 5*t**2 + 5*t - 3. Determine r(-5).
-28
Let i(y) = 13*y + 14. What is i(6)?
92
Let o(f) = f - 57. Give o(27).
-30
Let b(x) = -2*x**2 - 5*x + 4. What is b(-4)?
-8
Let q(d) = 3*d**3 + 2*d**2 - 3*d - 5. What is q(-2)?
-15
Let p(i) = -i**2 + 10*i - 19. Calculate p(6).
5
Let v(y) = -2*y**2 - 7*y + 9. Give v(-7).
-40
Let y(q) = -q**2 - 5*q + 10. Calculate y(-5).
10
Let k(l) = -18*l - 201. Give k(-11).
-3
Let n(x) = -2*x**2 + 23*x + 4. Give n(12).
-8
Let q(h) = 15*h**2 + 76*h + 9. Calculate q(-5).
4
Let o(u) = -2*u + 3. Determine o(-6).
15
Let w(h) = -h - 5. What is w(5)?
-10
Let c(f) = 7*f + 4. What is c(-10)?
-66
Let j(u) = -u**2 - 10*u - 18. Give j(-7).
3
Let m(r) = -r**2 - r + 66. Give m(-8).
10
Let a(q) = -7*q. What is a(0)?
0
Let g(j) = 16*j - 168. Give g(9).
-24
Let f(v) = -v + 8. Determine f(6).
2
Let t(i) = i + 3. What is t(-14)?
-11
Let o(q) = -q**3 - 9*q**2 - 11*q + 1. What is o(-8)?
25
Let k(v) = -v**3 + 11*v**2 + 16*v + 1. Determine k(12).
49
Let r(a) = a**2 + 4*a - 6. Determine r(-6).
6
Let c(m) = m**3 + 17*m**2 + 16*m - 7. What is c(-16)?
-7
Let h(j) = -j**3 + 3*j**2 - 3. What is h(4)?
-19
Let s(j) = j**2 - 4*j - 18. What is s(-6)?
42
Let v(t) = -9*t + 9. Give v(8).
-63
Let o(s) = s**3 + 42*s**2 - 41*s + 78. Determine o(-43).
-8
Let l(i) = 11*i + 138. What is l(-14)?
-16
Let w(c) = -c**2 + 2*c + 42. Calculate w(7).
7
Let v(d) = -2*d - 2. Give v(6).
-14
Let p(r) = -r**3 + 19*r**2 + 19*r + 19. Calculate p(20).
-1
Let b(i) = -i - 8. Determine b(-16).
8
Let j(x) = x**3 + 15*x**2 + 21*x + 85. Determine j(-14).
-13
Let b(z) = -21*z + 2. Give b(1).
-19
Let l(a) = -a**3 + 12*a**2 - 5*a + 62. What is l(12)?
2
Let p(r) = 8*r + 40. Determine p(-6).
-8
Let f(i) = 2*i - 5. What is f(10)?
15
Let f(d) = -d**2 + 6*d - 1. Calculate f(4).
7
Let b(v) = -8*v**2 + 12*v + 2. Give b(2).
-6
Let f(k) = -k**2 - 7*k - 7. What is f(-6)?
-1
Let n(p) = p**2 - 2*p - 11. Give n(0).
-11
Let r(h) = -h**3 + 14*h**2 - 12*h - 17. Determine r(13).
-4
Let m(u) = -35*u**2 + 14*u + 30. Determine m(-2).
-138
Let m(r) = -2*r**2 - 63*r + 14. Calculate m(-32).
-18
Let f(n) = -116*n - 226. Calculate f(-2).
6
Let p(u) = -u**2 - 13*u - 24. What is p(0)?
-24
Let o(a) = -a**2 + 11*a - 17. Determine o(9).
1
Let k(q) = -7*q**2 - 31*q - 5. Calculate k(-4).
7
Let g(c) = 2*c**2 - 9*c - 7. Calculate g(6).
11
Let p(z) = -z**3 - 3*z**2 - 9*z - 17. What is p(-5)?
78
Let x(p) = -p**3 - p**2 - 2*p + 62. Give x(0).
62
Let n(k) = -2*k**2 + 8*k + 6. Calculate n(7).
-36
Let q(h) = -3*h**2 - 21*h - 2. Determine q(-7).
-2
Let l(x) = -12*x - 36. Determine l(-1).
-24
Let s(p) = p**3 + 4*p**2 + p - 1. What is s(-5)?
-31
Let j(p) = -35*p + 3. What is j(1)?
-32
Let q(z) = -z**3 + 5*z**2 + 3*z + 2. Determin